{"id":3106,"date":"2022-05-02T17:37:33","date_gmt":"2022-05-02T15:37:33","guid":{"rendered":"https:\/\/bast.avecnous.eu\/adda32\/?page_id=3106"},"modified":"2022-06-10T17:16:21","modified_gmt":"2022-06-10T15:16:21","slug":"formulaire-mise-a-disposition-de-salles","status":"publish","type":"page","link":"https:\/\/bast.avecnous.eu\/adda32\/nos-mises-a-disposition\/formulaire-mise-a-disposition-de-salles\/","title":{"rendered":"Formulaire mise \u00e0 disposition de salles"},"content":{"rendered":"<div class=\"wp-block-columns is-layout-flex wp-container-core-columns-is-layout-794e3cfa wp-block-columns-is-layout-flex\"><div class=\"wp-block-column is-layout-flow wp-block-column-is-layout-flow\"><figure class=\"wp-block-image size-full\"><img loading=\"lazy\" decoding=\"async\" width=\"480\" height=\"640\" src=\"https:\/\/bast.avecnous.eu\/adda32\/wp-content\/uploads\/sites\/2\/2022\/05\/IMG_2946-rotated.jpg\" alt=\"\" class=\"wp-image-3257\" srcset=\"https:\/\/bast.avecnous.eu\/adda32\/wp-content\/uploads\/sites\/2\/2022\/05\/IMG_2946-rotated.jpg 480w, https:\/\/bast.avecnous.eu\/adda32\/wp-content\/uploads\/sites\/2\/2022\/05\/IMG_2946-413x550.jpg 413w\" sizes=\"auto, (max-width: 480px) 100vw, 480px\" \/><\/figure><\/div>\n\n<div class=\"wp-block-column is-layout-flow wp-block-column-is-layout-flow\"><figure class=\"wp-block-image size-full\"><img loading=\"lazy\" decoding=\"async\" width=\"480\" height=\"640\" src=\"https:\/\/bast.avecnous.eu\/adda32\/wp-content\/uploads\/sites\/2\/2022\/05\/IMG_2958-rotated.jpg\" alt=\"\" class=\"wp-image-3260\" srcset=\"https:\/\/bast.avecnous.eu\/adda32\/wp-content\/uploads\/sites\/2\/2022\/05\/IMG_2958-rotated.jpg 480w, https:\/\/bast.avecnous.eu\/adda32\/wp-content\/uploads\/sites\/2\/2022\/05\/IMG_2958-413x550.jpg 413w\" sizes=\"auto, (max-width: 480px) 100vw, 480px\" \/><\/figure><\/div>\n\n<div class=\"wp-block-column is-layout-flow wp-block-column-is-layout-flow\"><figure class=\"wp-block-image size-full\"><img loading=\"lazy\" decoding=\"async\" width=\"480\" height=\"640\" src=\"https:\/\/bast.avecnous.eu\/adda32\/wp-content\/uploads\/sites\/2\/2022\/05\/IMG_2950-rotated.jpg\" alt=\"\" class=\"wp-image-3258\" srcset=\"https:\/\/bast.avecnous.eu\/adda32\/wp-content\/uploads\/sites\/2\/2022\/05\/IMG_2950-rotated.jpg 480w, https:\/\/bast.avecnous.eu\/adda32\/wp-content\/uploads\/sites\/2\/2022\/05\/IMG_2950-413x550.jpg 413w\" sizes=\"auto, (max-width: 480px) 100vw, 480px\" \/><\/figure><\/div>\n\n<div class=\"wp-block-column is-layout-flow wp-block-column-is-layout-flow\"><figure class=\"wp-block-image size-full\"><img loading=\"lazy\" decoding=\"async\" width=\"480\" height=\"640\" src=\"https:\/\/bast.avecnous.eu\/adda32\/wp-content\/uploads\/sites\/2\/2022\/05\/IMG_2957-rotated.jpg\" alt=\"\" class=\"wp-image-3259\" srcset=\"https:\/\/bast.avecnous.eu\/adda32\/wp-content\/uploads\/sites\/2\/2022\/05\/IMG_2957-rotated.jpg 480w, https:\/\/bast.avecnous.eu\/adda32\/wp-content\/uploads\/sites\/2\/2022\/05\/IMG_2957-413x550.jpg 413w\" sizes=\"auto, (max-width: 480px) 100vw, 480px\" \/><\/figure><\/div><\/div><p class=\"wp-block-paragraph\">Vous \u00eates adh\u00e9rent \u00e0 l&rsquo;Adda du Gers ? Vous recherchez un lieu pour travailler ou pour faire une r\u00e9union \u00e0 vocation culturelle ? N&rsquo;h\u00e9sitez pas \u00e0 nous faire une demande de pr\u00eat ! <\/p><p class=\"wp-block-paragraph\"><\/p>","protected":false},"excerpt":{"rendered":"<p>Vous \u00eates adh\u00e9rent \u00e0 l&rsquo;Adda du Gers ? Vous recherchez un lieu pour travailler ou pour faire une r\u00e9union \u00e0 vocation culturelle ? N&rsquo;h\u00e9sitez pas \u00e0 nous faire une demande de pr\u00eat !<\/p>\n","protected":false},"author":2,"featured_media":0,"parent":4145,"menu_order":0,"comment_status":"closed","ping_status":"closed","template":"","meta":{"footnotes":""},"class_list":["post-3106","page","type-page","status-publish","hentry"],"yoast_head":"<!-- This site is optimized with the Yoast SEO plugin v27.2 - https:\/\/yoast.com\/product\/yoast-seo-wordpress\/ -->\n<title>Formulaire mise \u00e0 disposition de salles - ADDA du Gers<\/title>\n<meta name=\"robots\" content=\"index, follow, max-snippet:-1, max-image-preview:large, max-video-preview:-1\" \/>\n<link rel=\"canonical\" href=\"https:\/\/bast.avecnous.eu\/adda32\/nos-mises-a-disposition\/formulaire-mise-a-disposition-de-salles\/\" \/>\n<meta property=\"og:locale\" content=\"fr_FR\" \/>\n<meta property=\"og:type\" content=\"article\" \/>\n<meta property=\"og:title\" content=\"Formulaire mise \u00e0 disposition de salles - ADDA du Gers\" \/>\n<meta property=\"og:description\" content=\"Vous \u00eates adh\u00e9rent \u00e0 l&rsquo;Adda du Gers ? Vous recherchez un lieu pour travailler ou pour faire une r\u00e9union \u00e0 vocation culturelle ? N&rsquo;h\u00e9sitez pas \u00e0 nous faire une demande de pr\u00eat !\" \/>\n<meta property=\"og:url\" content=\"https:\/\/bast.avecnous.eu\/adda32\/nos-mises-a-disposition\/formulaire-mise-a-disposition-de-salles\/\" \/>\n<meta property=\"og:site_name\" content=\"ADDA du Gers\" \/>\n<meta property=\"article:modified_time\" content=\"2022-06-10T15:16:21+00:00\" \/>\n<meta property=\"og:image\" content=\"https:\/\/bast.avecnous.eu\/adda32\/wp-content\/uploads\/sites\/2\/2022\/05\/IMG_2946-rotated.jpg\" \/>\n<meta name=\"twitter:card\" content=\"summary_large_image\" \/>\n<script type=\"application\/ld+json\" class=\"yoast-schema-graph\">{\"@context\":\"https:\/\/schema.org\",\"@graph\":[{\"@type\":\"WebPage\",\"@id\":\"https:\/\/bast.avecnous.eu\/adda32\/nos-mises-a-disposition\/formulaire-mise-a-disposition-de-salles\/\",\"url\":\"https:\/\/bast.avecnous.eu\/adda32\/nos-mises-a-disposition\/formulaire-mise-a-disposition-de-salles\/\",\"name\":\"Formulaire mise \u00e0 disposition de salles - ADDA du Gers\",\"isPartOf\":{\"@id\":\"https:\/\/bast.avecnous.eu\/adda32\/#website\"},\"primaryImageOfPage\":{\"@id\":\"https:\/\/bast.avecnous.eu\/adda32\/nos-mises-a-disposition\/formulaire-mise-a-disposition-de-salles\/#primaryimage\"},\"image\":{\"@id\":\"https:\/\/bast.avecnous.eu\/adda32\/nos-mises-a-disposition\/formulaire-mise-a-disposition-de-salles\/#primaryimage\"},\"thumbnailUrl\":\"https:\/\/bast.avecnous.eu\/adda32\/wp-content\/uploads\/sites\/2\/2022\/05\/IMG_2946-rotated.jpg\",\"datePublished\":\"2022-05-02T15:37:33+00:00\",\"dateModified\":\"2022-06-10T15:16:21+00:00\",\"breadcrumb\":{\"@id\":\"https:\/\/bast.avecnous.eu\/adda32\/nos-mises-a-disposition\/formulaire-mise-a-disposition-de-salles\/#breadcrumb\"},\"inLanguage\":\"fr-FR\",\"potentialAction\":[{\"@type\":\"ReadAction\",\"target\":[\"https:\/\/bast.avecnous.eu\/adda32\/nos-mises-a-disposition\/formulaire-mise-a-disposition-de-salles\/\"]}]},{\"@type\":\"ImageObject\",\"inLanguage\":\"fr-FR\",\"@id\":\"https:\/\/bast.avecnous.eu\/adda32\/nos-mises-a-disposition\/formulaire-mise-a-disposition-de-salles\/#primaryimage\",\"url\":\"https:\/\/bast.avecnous.eu\/adda32\/wp-content\/uploads\/sites\/2\/2022\/05\/IMG_2946-rotated.jpg\",\"contentUrl\":\"https:\/\/bast.avecnous.eu\/adda32\/wp-content\/uploads\/sites\/2\/2022\/05\/IMG_2946-rotated.jpg\",\"width\":480,\"height\":640},{\"@type\":\"BreadcrumbList\",\"@id\":\"https:\/\/bast.avecnous.eu\/adda32\/nos-mises-a-disposition\/formulaire-mise-a-disposition-de-salles\/#breadcrumb\",\"itemListElement\":[{\"@type\":\"ListItem\",\"position\":1,\"name\":\"Accueil\",\"item\":\"https:\/\/bast.avecnous.eu\/adda32\/\"},{\"@type\":\"ListItem\",\"position\":2,\"name\":\"Nos mises \u00e0 disposition\",\"item\":\"https:\/\/bast.avecnous.eu\/adda32\/nos-mises-a-disposition\/\"},{\"@type\":\"ListItem\",\"position\":3,\"name\":\"Formulaire mise \u00e0 disposition de salles\"}]},{\"@type\":\"WebSite\",\"@id\":\"https:\/\/bast.avecnous.eu\/adda32\/#website\",\"url\":\"https:\/\/bast.avecnous.eu\/adda32\/\",\"name\":\"ADDA du Gers\",\"description\":\"Association D\u00e9partementale pour le D\u00e9veloppement des Arts\",\"publisher\":{\"@id\":\"https:\/\/bast.avecnous.eu\/adda32\/#organization\"},\"potentialAction\":[{\"@type\":\"SearchAction\",\"target\":{\"@type\":\"EntryPoint\",\"urlTemplate\":\"https:\/\/bast.avecnous.eu\/adda32\/?s={search_term_string}\"},\"query-input\":{\"@type\":\"PropertyValueSpecification\",\"valueRequired\":true,\"valueName\":\"search_term_string\"}}],\"inLanguage\":\"fr-FR\"},{\"@type\":\"Organization\",\"@id\":\"https:\/\/bast.avecnous.eu\/adda32\/#organization\",\"name\":\"ADDA du Gers\",\"url\":\"https:\/\/bast.avecnous.eu\/adda32\/\",\"logo\":{\"@type\":\"ImageObject\",\"inLanguage\":\"fr-FR\",\"@id\":\"https:\/\/bast.avecnous.eu\/adda32\/#\/schema\/logo\/image\/\",\"url\":\"https:\/\/bast.avecnous.eu\/adda32\/wp-content\/uploads\/sites\/2\/2022\/06\/ADDA-du-Gers_logoTitre_448p.png\",\"contentUrl\":\"https:\/\/bast.avecnous.eu\/adda32\/wp-content\/uploads\/sites\/2\/2022\/06\/ADDA-du-Gers_logoTitre_448p.png\",\"width\":448,\"height\":190,\"caption\":\"ADDA du Gers\"},\"image\":{\"@id\":\"https:\/\/bast.avecnous.eu\/adda32\/#\/schema\/logo\/image\/\"}}]}<\/script>\n<!-- \/ Yoast SEO plugin. -->","yoast_head_json":{"title":"Formulaire mise \u00e0 disposition de salles - ADDA du Gers","robots":{"index":"index","follow":"follow","max-snippet":"max-snippet:-1","max-image-preview":"max-image-preview:large","max-video-preview":"max-video-preview:-1"},"canonical":"https:\/\/bast.avecnous.eu\/adda32\/nos-mises-a-disposition\/formulaire-mise-a-disposition-de-salles\/","og_locale":"fr_FR","og_type":"article","og_title":"Formulaire mise \u00e0 disposition de salles - ADDA du Gers","og_description":"Vous \u00eates adh\u00e9rent \u00e0 l&rsquo;Adda du Gers ? Vous recherchez un lieu pour travailler ou pour faire une r\u00e9union \u00e0 vocation culturelle ? N&rsquo;h\u00e9sitez pas \u00e0 nous faire une demande de pr\u00eat !","og_url":"https:\/\/bast.avecnous.eu\/adda32\/nos-mises-a-disposition\/formulaire-mise-a-disposition-de-salles\/","og_site_name":"ADDA du Gers","article_modified_time":"2022-06-10T15:16:21+00:00","og_image":[{"url":"https:\/\/bast.avecnous.eu\/adda32\/wp-content\/uploads\/sites\/2\/2022\/05\/IMG_2946-rotated.jpg","type":"","width":"","height":""}],"twitter_card":"summary_large_image","schema":{"@context":"https:\/\/schema.org","@graph":[{"@type":"WebPage","@id":"https:\/\/bast.avecnous.eu\/adda32\/nos-mises-a-disposition\/formulaire-mise-a-disposition-de-salles\/","url":"https:\/\/bast.avecnous.eu\/adda32\/nos-mises-a-disposition\/formulaire-mise-a-disposition-de-salles\/","name":"Formulaire mise \u00e0 disposition de salles - ADDA du Gers","isPartOf":{"@id":"https:\/\/bast.avecnous.eu\/adda32\/#website"},"primaryImageOfPage":{"@id":"https:\/\/bast.avecnous.eu\/adda32\/nos-mises-a-disposition\/formulaire-mise-a-disposition-de-salles\/#primaryimage"},"image":{"@id":"https:\/\/bast.avecnous.eu\/adda32\/nos-mises-a-disposition\/formulaire-mise-a-disposition-de-salles\/#primaryimage"},"thumbnailUrl":"https:\/\/bast.avecnous.eu\/adda32\/wp-content\/uploads\/sites\/2\/2022\/05\/IMG_2946-rotated.jpg","datePublished":"2022-05-02T15:37:33+00:00","dateModified":"2022-06-10T15:16:21+00:00","breadcrumb":{"@id":"https:\/\/bast.avecnous.eu\/adda32\/nos-mises-a-disposition\/formulaire-mise-a-disposition-de-salles\/#breadcrumb"},"inLanguage":"fr-FR","potentialAction":[{"@type":"ReadAction","target":["https:\/\/bast.avecnous.eu\/adda32\/nos-mises-a-disposition\/formulaire-mise-a-disposition-de-salles\/"]}]},{"@type":"ImageObject","inLanguage":"fr-FR","@id":"https:\/\/bast.avecnous.eu\/adda32\/nos-mises-a-disposition\/formulaire-mise-a-disposition-de-salles\/#primaryimage","url":"https:\/\/bast.avecnous.eu\/adda32\/wp-content\/uploads\/sites\/2\/2022\/05\/IMG_2946-rotated.jpg","contentUrl":"https:\/\/bast.avecnous.eu\/adda32\/wp-content\/uploads\/sites\/2\/2022\/05\/IMG_2946-rotated.jpg","width":480,"height":640},{"@type":"BreadcrumbList","@id":"https:\/\/bast.avecnous.eu\/adda32\/nos-mises-a-disposition\/formulaire-mise-a-disposition-de-salles\/#breadcrumb","itemListElement":[{"@type":"ListItem","position":1,"name":"Accueil","item":"https:\/\/bast.avecnous.eu\/adda32\/"},{"@type":"ListItem","position":2,"name":"Nos mises \u00e0 disposition","item":"https:\/\/bast.avecnous.eu\/adda32\/nos-mises-a-disposition\/"},{"@type":"ListItem","position":3,"name":"Formulaire mise \u00e0 disposition de salles"}]},{"@type":"WebSite","@id":"https:\/\/bast.avecnous.eu\/adda32\/#website","url":"https:\/\/bast.avecnous.eu\/adda32\/","name":"ADDA du Gers","description":"Association D\u00e9partementale pour le D\u00e9veloppement des Arts","publisher":{"@id":"https:\/\/bast.avecnous.eu\/adda32\/#organization"},"potentialAction":[{"@type":"SearchAction","target":{"@type":"EntryPoint","urlTemplate":"https:\/\/bast.avecnous.eu\/adda32\/?s={search_term_string}"},"query-input":{"@type":"PropertyValueSpecification","valueRequired":true,"valueName":"search_term_string"}}],"inLanguage":"fr-FR"},{"@type":"Organization","@id":"https:\/\/bast.avecnous.eu\/adda32\/#organization","name":"ADDA du Gers","url":"https:\/\/bast.avecnous.eu\/adda32\/","logo":{"@type":"ImageObject","inLanguage":"fr-FR","@id":"https:\/\/bast.avecnous.eu\/adda32\/#\/schema\/logo\/image\/","url":"https:\/\/bast.avecnous.eu\/adda32\/wp-content\/uploads\/sites\/2\/2022\/06\/ADDA-du-Gers_logoTitre_448p.png","contentUrl":"https:\/\/bast.avecnous.eu\/adda32\/wp-content\/uploads\/sites\/2\/2022\/06\/ADDA-du-Gers_logoTitre_448p.png","width":448,"height":190,"caption":"ADDA du Gers"},"image":{"@id":"https:\/\/bast.avecnous.eu\/adda32\/#\/schema\/logo\/image\/"}}]}},"_links":{"self":[{"href":"https:\/\/bast.avecnous.eu\/adda32\/wp-json\/wp\/v2\/pages\/3106","targetHints":{"allow":["GET"]}}],"collection":[{"href":"https:\/\/bast.avecnous.eu\/adda32\/wp-json\/wp\/v2\/pages"}],"about":[{"href":"https:\/\/bast.avecnous.eu\/adda32\/wp-json\/wp\/v2\/types\/page"}],"author":[{"embeddable":true,"href":"https:\/\/bast.avecnous.eu\/adda32\/wp-json\/wp\/v2\/users\/2"}],"replies":[{"embeddable":true,"href":"https:\/\/bast.avecnous.eu\/adda32\/wp-json\/wp\/v2\/comments?post=3106"}],"version-history":[{"count":4,"href":"https:\/\/bast.avecnous.eu\/adda32\/wp-json\/wp\/v2\/pages\/3106\/revisions"}],"predecessor-version":[{"id":3546,"href":"https:\/\/bast.avecnous.eu\/adda32\/wp-json\/wp\/v2\/pages\/3106\/revisions\/3546"}],"up":[{"embeddable":true,"href":"https:\/\/bast.avecnous.eu\/adda32\/wp-json\/wp\/v2\/pages\/4145"}],"wp:attachment":[{"href":"https:\/\/bast.avecnous.eu\/adda32\/wp-json\/wp\/v2\/media?parent=3106"}],"curies":[{"name":"wp","href":"https:\/\/api.w.org\/{rel}","templated":true}]}}